918 is divided by 9639?
1
Calculate the remainder when 28210 is divided by 192.
178
Calculate the remainder when 209363 is divided by 244.
11
Calculate the remainder when 39859 is divided by 8.
3
What is the remainder when 41744 is divided by 71?
67
Calculate the remainder when 2617 is divided by 840.
97
What is the remainder when 3895 is divided by 229?
2
What is the remainder when 238899 is divided by 291?
279
What is the remainder when 1894 is divided by 15?
4
What is the remainder when 1765 is divided by 698?
369
What is the remainder when 314631 is divided by 1368?
1359
Calculate the remainder when 494 is divided by 24.
14
What is the remainder when 4003 is divided by 476?
195
What is the remainder when 354178 is divided by 30?
28
Calculate the remainder when 473751 is divided by 69.
66
Calculate the remainder when 8888 is divided by 52.
48
Calculate the remainder when 1221 is divided by 131.
42
Calculate the remainder when 55143 is divided by 29.
14
What is the remainder when 18792 is divided by 2683?
11
Calculate the remainder when 40769 is divided by 770.
729
What is the remainder when 3410171 is divided by 109?
106
What is the remainder when 91406 is divided by 2030?
56
Calculate the remainder when 485701 is divided by 218.
215
Calculate the remainder when 1582377 is divided by 9.
6
Calculate the remainder when 4025 is divided by 208.
73
What is the remainder when 21117 is divided by 113?
99
Calculate the remainder when 3737 is divided by 234.
227
Calculate the remainder when 3901 is divided by 63.
58
What is the remainder when 966 is divided by 150?
66
What is the remainder when 622566 is divided by 15564?
6
Calculate the remainder when 27686 is divided by 9224.
14
Calculate the remainder when 2739 is divided by 456.
3
Calculate the remainder when 2962 is divided by 248.
234
What is the remainder when 322 is divided by 288?
34
Calculate the remainder when 6909 is divided by 177.
6
Calculate the remainder when 53521 is divided by 615.
16
What is the remainder when 25666 is divided by 92?
90
What is the remainder when 48648 is divided by 103?
32
What is the remainder when 34176 is divided by 254?
140
What is the remainder when 44452 is divided by 26?
18
What is the remainder when 1686256 is divided by 567?
565
Calculate the remainder when 4297 is divided by 9.
4
Calculate the remainder when 2218 is divided by 374.
348
What is the remainder when 2155924 is divided by 113?
110
Calculate the remainder when 8473 is divided by 660.
553
Calculate the remainder when 45451 is divided by 40.
11
Calculate the remainder when 2366 is divided by 24.
14
Calculate the remainder when 56085 is divided by 132.
117
Calculate the remainder when 506036 is divided by 22.
14
Calculate the remainder when 59008 is divided by 237.
232
Calculate the remainder when 36273 is divided by 1209.
3
Calculate the remainder when 15956 is divided by 838.
34
Calculate the remainder when 4898 is divided by 349.
12
What is the remainder when 448102 is divided by 18?
10
What is the remainder when 5021 is divided by 2501?
19
What is the remainder when 1113 is divided by 139?
1
Calculate the remainder when 27147 is divided by 70.
57
What is the remainder when 638119 is divided by 11?
9
Calculate the remainder when 1922 is divided by 44.
30
What is the remainder when 2124 is divided by 182?
122
What is the remainder when 30594 is divided by 5091?
48
Calculate the remainder when 8720 is divided by 89.
87
What is the remainder when 1584 is divided by 1500?
84
What is the remainder when 28024 is divided by 14011?
2
Calculate the remainder when 13178 is divided by 240.
218
What is the remainder when 30366 is divided by 8?
6
What is the remainder when 270952 is divided by 2185?
12
What is the remainder when 32920 is divided by 354?
352
Calculate the remainder when 5440 is divided by 42.
22
Calculate the remainder when 266909 is divided by 5931.
14
What is the remainder when 17927 is divided by 197?
0
Calculate the remainder when 117942 is divided by 2144.
22
Calculate the remainder when 288533 is divided by 95.
18
What is the remainder when 1846 is divided by 55?
31
Calculate the remainder when 4729 is divided by 73.
57
What is the remainder when 74111 is divided by 37055?
1
Calculate the remainder when 1111 is divided by 18.
13
What is the remainder when 322216 is divided by 442?
440
What is the remainder when 1280 is divided by 223?
165
What is the remainder when 10488 is divided by 164?
156
Calculate the remainder when 6281 is divided by 340.
161
Calculate the remainder when 4975 is divided by 297.
223
What is the remainder when 50632 is divided by 4219?
4
What is the remainder when 305 is divided by 203?
102
What is the remainder when 4389 is divided by 46?
19
Calculate the remainder when 45032 is divided by 372.
20
What is the remainder when 1118 is divided by 331?
125
What is the remainder when 2002 is divided by 983?
36
What is the remainder when 375354 is divided by 214?
212
Calculate the remainder when 630787 is divided by 5.
2
What is the remainder when 1733 is divided by 204?
101
Calculate the remainder when 681557 is divided by 110.
107
What is the remainder when 246646 is divided by 1989?
10
What is the remainder when 1172523 is divided by 146?
143
Calculate the remainder when 645921 is divided by 76.
73
Calculate the remainder when 22243 is divided by 29.
0
What is the remainder when 2443 is divided by 757?
172
Calculate the remainder when 6691 is divided by 352.
3
What is the remainder when 1048 is divided by 26?
8
Calculate the remainder when 474574 is divided by 24.
22
Calculate the remainder when 3801 is divided by 1890.
21
What is the remainder when 234 is divided by 24?
18
Calculate the remainder when 5228 is divided by 2611.
6
Calculate the remainder when 9502 is divided by 28.
10
What is the remainder when 280080 is divided by 56015?
5
What is the remainder when 969 is divided by 58?
41
What is the remainder when 27394 is divided by 40?
34
What is the remainder when 461497 is divided by 130?
127
What is the remainder when 22112 is divided by 10982?
148
Calculate the remainder when 276691 is divided by 126.
121
What is the remainder when 323863 is divided by 18?
7
What is the remainder when 131361 is divided by 12?
9
What is the remainder when 14689 is divided by 3670?
9
What is the remainder when 905935 is divided by 301977?
4
Calculate the remainder when 5509 is divided by 348.
289
What is the remainder when 7611 is divided by 61?
47
What is the remainder when 1997 is divided by 832?
333
Calculate the remainder when 1822 is divided by 1816.
6
What is the remainder when 39715 is divided by 73?
3
What is the remainder when 61870 is divided by 9?
4
Calculate the remainder when 4140 is divided by 1205.
525
What is the remainder when 310555 is divided by 480?
475
Calculate the remainder when 12279 is divided by 1752.
15
Calculate the remainder when 155949 is divided by 38.
35
What is the remainder when 12589 is divided by 360?
349
Calculate the remainder when 7137 is divided by 7103.
34
Calculate the remainder when 13183 is divided by 4383.
34
Calculate the remainder when 1884 is divided by 1863.
21
Calculate the remainder when 9189 is divided by 4525.
139
What is the remainder when 97836 is divided by 401?
393
What is the remainder when 15131 is divided by 63?
11
Calculate the remainder when 1234558 is divided by 1234547.
11
What is the remainder when 32263 is divided by 109?
108
Calculate the remainder when 39052 is divided by 140.
132
What is the remainder when 2967469 is divided by 169?
167
What is the remainder when 250109 is divided by 256?
253
Calculate the remainder when 88324 is divided by 63.
61
What is the remainder when 281261 is divided by 63?
29
What is the remainder when 28 is divided by 19?
9
Calculate the remainder when 78998 is divided by 13.
10
Calculate the remainder when 169787 is divided by 11.
2
Calculate the remainder when 181549 is divided by 13.
4
Calculate the remainder when 174 is divided by 106.
68
What is the remainder when 62183 is divided by 112?
23
What is the remainder when 16394 is divided by 1091?
29
Calculate the remainder when 7983 is divided by 2621.
120
What is the remainder when 180338 is divided by 25762?
4
Calculate th